 and 72.
36
Calculate the greatest common factor of 250992 and 4597992.
1512
What is the greatest common factor of 104656 and 9672?
248
What is the greatest common divisor of 8083150 and 6150?
2050
Calculate the highest common factor of 2375 and 541063.
19
Calculate the greatest common factor of 1948515 and 27.
3
What is the highest common factor of 2561028 and 708?
12
Calculate the greatest common factor of 1804796 and 34477.
1499
Calculate the highest common factor of 55308 and 334389.
33
What is the greatest common factor of 3724 and 2251984?
28
What is the highest common factor of 4536369 and 158589?
603
Calculate the highest common factor of 327 and 140771647.
109
What is the highest common factor of 1529871 and 15?
3
Calculate the greatest common factor of 2064 and 7322464.
16
Calculate the greatest common factor of 528132 and 408.
12
What is the greatest common divisor of 424 and 74684950?
106
Calculate the highest common divisor of 3135490 and 50.
10
Calculate the greatest common factor of 2384 and 1212944.
16
Calculate the greatest common divisor of 85560 and 54165.
345
Calculate the greatest common factor of 9058 and 405286.
14
Calculate the greatest common factor of 153 and 367862201.
17
Calculate the greatest common divisor of 35958 and 28418.
26
What is the greatest common factor of 2304 and 47856384?
2304
What is the greatest common factor of 12116753 and 649?
11
Calculate the greatest common divisor of 643842 and 37530.
54
What is the highest common factor of 2307030 and 187?
11
What is the highest common divisor of 49 and 51165457?
49
Calculate the greatest common divisor of 20 and 93241070.
10
What is the greatest common factor of 4546720 and 5?
5
Calculate the greatest common divisor of 530 and 16475951.
53
What is the highest common factor of 328944 and 357?
21
What is the highest common divisor of 30472 and 40976?
104
Calculate the greatest common divisor of 3572 and 11825764.
188
What is the greatest common divisor of 42438 and 61355703?
1929
Calculate the highest common factor of 9700 and 64006420.
1940
What is the highest common factor of 2496 and 1383168?
192
What is the greatest common divisor of 89177260 and 2071?
2071
What is the highest common factor of 102542004 and 207?
207
What is the highest common divisor of 14864269 and 239459?
1979
What is the highest common divisor of 92209 and 105703?
2249
Calculate the highest common divisor of 82290416 and 624.
208
Calculate the greatest common divisor of 1575 and 116993205.
315
Calculate the highest common factor of 781344 and 258.
6
Calculate the highest common divisor of 13750 and 22985.
5
Calculate the highest common factor of 159 and 43807733.
53
What is the highest common factor of 6369119 and 2641?
139
Calculate the highest common divisor of 300542 and 796499.
209
Calculate the highest common divisor of 691721342 and 234.
26
Calculate the highest common factor of 17919 and 24937.
11
What is the greatest common factor of 221613 and 74847?
183
Calculate the greatest common factor of 589878 and 1296.
18
What is the greatest common divisor of 3202066 and 42?
14
Calculate the highest common divisor of 625 and 291663125.
625
Calculate the greatest common divisor of 2457048 and 33142.
454
What is the highest common divisor of 30966759 and 54?
27
Calculate the greatest common divisor of 55148 and 6188.
68
Calculate the highest common divisor of 7023672 and 11178.
486
What is the highest common divisor of 6164418 and 36?
6
What is the greatest common factor of 208494 and 9841338?
2106
Calculate the greatest common divisor of 3648 and 1524768.
96
Calculate the greatest common divisor of 6382948 and 13234.
26
What is the greatest common factor of 31815075 and 51?
51
What is the greatest common divisor of 468 and 6478?
2
What is the greatest common factor of 638 and 18999379?
29
What is the highest common divisor of 4661569 and 77?
11
Calculate the highest common factor of 84619 and 157803.
2287
What is the greatest common divisor of 1224 and 79953312?
408
Calculate the highest common divisor of 60809 and 623639.
73
Calculate the greatest common factor of 174 and 131254.
58
Calculate the greatest common factor of 450 and 1225986.
6
Calculate the highest common factor of 52870745 and 1355.
1355
Calculate the greatest common divisor of 1222008900 and 2100.
2100
What is the highest common divisor of 82 and 206323685?
41
Calculate the highest common factor of 792 and 38408733.
99
What is the highest common divisor of 16832 and 49899253?
263
Calculate the greatest common factor of 8053978 and 90.
2
What is the greatest common divisor of 1259316 and 7284?
12
Calculate the highest common factor of 20598116 and 1232.
308
What is the highest common factor of 1772 and 9416?
4
What is the highest common factor of 260400 and 1687392?
10416
What is the highest common divisor of 6633720 and 4680?
360
What is the greatest common divisor of 332590650 and 17850?
1050
Calculate the highest common factor of 3564 and 7498084.
44
Calculate the highest common divisor of 288 and 1720344.
24
Calculate the highest common factor of 3815 and 1505.
35
What is the greatest common divisor of 68241368 and 54050?
2162
Calculate the greatest common divisor of 4002 and 31233.
87
What is the greatest common divisor of 3894 and 1403259?
33
What is the highest common factor of 6837877 and 161?
23
Calculate the greatest common factor of 9082975 and 275.
275
What is the highest common factor of 459762 and 48840?
222
Calculate the highest common factor of 15737410 and 33320.
170
Calculate the highest common divisor of 137984 and 2181344.
352
What is the highest common divisor of 276141 and 7553?
83
Calculate the greatest common factor of 5019279 and 17031.
2433
What is the greatest common factor of 1549065744 and 2736?
2736
What is the greatest common divisor of 243214786 and 2682?
298
Calculate the highest common divisor of 275865339 and 516.
129
What is the highest common factor of 23874 and 756702?
1038
What is the highest common divisor of 323 and 73055?
19
Calculate the highest common divisor of 7484006 and 18466.
2638
What is the highest common divisor of 8073548 and 1554?
518
Calculate the highest common divisor of 32 and 41142752.
32
What is the greatest common factor of 524 and 13872676?
4
What is the greatest common factor of 6626673 and 1068?
267
Calculate the highest common divisor of 14285 and 32750.
5
Calculate the greatest common factor of 2002 and 1795222.
286
Calculate the highest common divisor of 13872516 and 717.
717
What is the highest common factor of 8364356 and 65?
13
Calculate the highest common divisor of 2451 and 289845.
57
Calculate the greatest common factor of 48 and 18301992.
24
Calculate the highest common divisor of 729157 and 3441825.
5099
Calculate the greatest common divisor of 630 and 7705755.
45
What is the greatest common factor of 154294 and 78645?
749
What is the highest common divisor of 40 and 24439860?
20
Calculate the highest common divisor of 125044 and 216032.
172
Calculate the greatest common divisor of 69316 and 2187496.
172
What is the highest common divisor of 17841 and 362919?
57
What is the greatest common factor of 27588 and 982256?
44
What is the highest common divisor of 7323245 and 5?
5
What is the highest common divisor of 7946327 and 17?
17
Calculate the greatest common factor of 2744636 and 7222.
46
Calculate the greatest common divisor of 2334460 and 5411.
773
Calculate the greatest common factor of 2992482 and 45567.
747
What is the greatest common factor of 4670443 and 107?
107
What is the greatest common factor of 21312708 and 733?
733
What is the greatest common factor of 10272 and 266798080?
3424
Calculate the greatest common divisor of 1303778 and 49.
7
Calculate the greatest common divisor of 178 and 824527684.
178
What is the greatest common divisor of 23116578 and 6726?
114
Calculate the greatest common divisor of 273 and 17445948.
39
What is the highest common factor of 7264 and 4872?
8
Calculate the highest common divisor of 72300417 and 7.
7
What is the greatest common factor of 3372957 and 6972?
21
Calculate the greatest common divisor of 200604 and 190968.
876
What is the highest common divisor of 11461815 and 180?
45
What is the greates